 and y?
23
Let y be (3/9)/((-3)/(-27)). Calculate the greatest common divisor of 9 and y.
3
Let z(c) = 9*c**2 + 7*c + 8. Let k be z(4). Calculate the greatest common factor of k and 20.
20
Suppose 3*c - 65 = -11. What is the highest common divisor of c and 198?
18
Let k(p) = 13*p**3 + p**2. Let l be k(1). Calculate the greatest common divisor of 7 and l.
7
Suppose 13*w + 38 = 207. Suppose -j = -19 - 33. What is the highest common factor of j and w?
13
Let f = -86 - -88. Let o be 2 + -2 + (-44)/(-2). What is the greatest common divisor of f and o?
2
Let q(a) = a**3 - 6*a**2 + 5*a - 4. Let l be q(3). Let i = 30 + l. Let f be 186/i + 10/(-35). What is the greatest common divisor of 117 and f?
13
Let n(f) = f**2 + 6*f + 2. Let w be n(-4). Let r = w + 5. Let l = r + 36. What is the greatest common divisor of l and 14?
7
Suppose 0 = 3*o - 4*o - 2. Suppose x + 34 = -3*w - x, 0 = 5*w - 5*x + 15. Let v be ((-2)/(-8))/(o/w). What is the greatest common factor of 2 and v?
1
Let r(t) = -79*t - 3. Let f be r(-2). Suppose f = 3*m + 20. Calculate the highest common factor of 30 and m.
15
Let f = -1 + 17. Let z be 12/(-10)*2*-10. What is the greatest common divisor of z and f?
8
Suppose 5*g = 5*d + 10, g + d = -3 + 13. Let m be 49/4 + 3/(-12). Calculate the highest common factor of m and g.
6
Suppose -3 = a - 14. Let l be (-2)/(2/1) + 89. What is the highest common factor of a and l?
11
Let c be 186 + 1/4 + (-36)/16. What is the highest common factor of 23 and c?
23
Let v be -3*3/(6/(-2)). Let m(n) = 3*n. Let f be (7/2 - 1)*2. Let w be m(f). Calculate the greatest common factor of w and v.
3
Suppose -3*u + 31 = -5*f, f - 23 - 3 = -4*u. Suppose u*v - 105 = 2*v. What is the greatest common factor of 7 and v?
7
Suppose b - 4*r = 19, -b + 15 = -2*r - 0*r. Let v(t) = -t**3 + 8*t**2 - 4*t - 10. Let w be v(7). What is the highest common factor of b and w?
11
Suppose 144 + 99 = 3*d. Calculate the greatest common divisor of 9 and d.
9
Suppose -5 = -5*c, -2*c + 4*c + 28 = 3*f. What is the highest common divisor of 50 and f?
10
Suppose -2*o = -1 + 5, 0 = -2*p + 2*o - 26. Let x be ((-5)/p)/((-1)/(-159)). Suppose 55 = 4*i - x. What is the highest common factor of 3 and i?
3
Let h(i) = 38*i**3 + 4*i**2 - 2*i - 1. Let g be h(1). What is the greatest common divisor of 273 and g?
39
Let w be 3 + 36/10 - 6/(-15). What is the greatest common divisor of w and 1?
1
Let x = 59 + -42. Calculate the greatest common factor of 136 and x.
17
Let u(k) = -k - 30*k**3 - k + 1 + k**2 + 0*k**2 + 4*k. Let f be u(-1). Calculate the highest common divisor of 75 and f.
15
Let r(b) = 2*b**2 + b + 1. Let s be r(-1). Let l be 22 - (s + -1 + -1). Calculate the greatest common factor of 66 and l.
22
Let c(q) = q**2. Let n(x) = 3*x**3 + 3*x - 2. Let y(s) = -c(s) + n(s). Let h be y(2). What is the greatest common divisor of h and 6?
6
Suppose -2*l + 4 = -0*l. Let n(d) = -d - 3. Let u be n(-5). Calculate the highest common divisor of l and u.
2
Suppose 22 = -3*n + 67. Let o = n - 11. What is the highest common divisor of 28 and o?
4
Suppose -5*a - s - s = -197, 3*a + 5*s - 122 = 0. Suppose 2*q - w - 105 = -2*q, 0 = 3*q - 5*w - 83. Calculate the highest common divisor of a and q.
13
Suppose -12 + 16 = -2*b. Let r be (-3 - 0 - -18) + b. Calculate the greatest common factor of 26 and r.
13
Let q(l) = 2*l + 4*l + 6*l**2 - l**3 - l**2 - 1. Let f be q(5). Let t = f + -21. Calculate the greatest common factor of 64 and t.
8
Let o(m) = 3*m + 10 - 29 + m**3 + 6 + 10*m**2. Let p be o(-8). What is the highest common divisor of p and 13?
13
Suppose -5*y + 95 = -5. Suppose -w + 3*w = y. Let d be 152/6 - 3/9. Calculate the highest common divisor of w and d.
5
Suppose 26*q - 20*q = 84. Calculate the greatest common factor of 182 and q.
14
Suppose 29 = 4*o - o + 4*w, -3*o + 4*w - 11 = 0. Suppose -p - o = t - 12, -32 = -4*t - 5*p. What is the highest common factor of 39 and t?
13
Let f = 138 - 98. What is the greatest common divisor of f and 10?
10
Suppose -o + 12 = -3*g - g, 0 = -2*o + 8. Let p = 0 + g. Let z = 3 - p. Calculate the highest common factor of 15 and z.
5
Let d(h) = h**2 - 4*h - 5. Let m be d(-4). What is the greatest common divisor of 9 and m?
9
Let v(m) = -2*m**3 - m**2 + m - 1. Let i be v(-2). Suppose -5*r + 11 = -i. Calculate the greatest common factor of 28 and r.
4
Suppose i - 1 = -2*n, -6*n = i - 2*n + 3. Suppose -2*x - i*g + 43 = 2, -25 = -5*g. Calculate the greatest common divisor of x and 32.
8
Suppose 5*b + n = 5*n + 22, b - 3*n = 0. Suppose b = 3*u - 0. Suppose s - z - u*z = 54, 4*s + 3*z - 261 = 0. What is the greatest common divisor of 7 and s?
7
Suppose p - 1 = 6. Let u(m) = 11*m - 6. Let c be u(5). Calculate the highest common factor of c and p.
7
Suppose 5*k = 5*u + 55, -2*k = -0*k + 4*u + 2. Calculate the highest common factor of k and 14.
7
Let b(w) = 93*w**2 - 4*w + 4. Let d be b(2). Calculate the greatest common divisor of 46 and d.
46
Let m = -257 - -467. Let o = -138 + m. What is the greatest common factor of o and 8?
8
Let k be 1616/28 - 4/(-14). Suppose 0 = -2*q - 5*i + 18, -5*q - 4*i - 13 + k = 0. Calculate the greatest common factor of q and 9.
9
Suppose d - 3*n = 13, -5*d = -d + n - 91. Let b = 22 + d. What is the highest common factor of 110 and b?
22
Let r = 5 - -2. Let i be (-204)/(-15) + (-2)/(-5). What is the greatest common factor of i and r?
7
Let y = 4 - 4. Suppose y = -z + 3 + 1. Let r be z*1/1 - 2. Calculate the greatest common factor of r and 6.
2
Suppose 0*j + 25 = j + h, 0 = 3*j - 3*h - 69. Let a(b) = b - 13. Let c be a(13). Suppose g = -c*g + 6. Calculate the greatest common divisor of j and g.
6
Suppose 2*t + 6 = 5*t. Calculate the highest common factor of 4 and t.
2
Let r = 8 + 3. What is the greatest common factor of r and 1?
1
Let j(i) = 10*i**2 + 4*i - 2. Let f be j(3). Let x(q) = q**3 + 3*q**2 - 6*q - 5. Let n be x(-4). Let m = n - -7. What is the greatest common divisor of f and m?
10
Let o be 0 + (-1 + 1 - 0). Suppose -5*w - 13 = -q, -q + o = -w + 3. Let l(t) = -t + 3. Let x be l(q). Calculate the greatest common divisor of x and 30.
10
Let k = -140 - -184. What is the highest common factor of 198 and k?
22
Suppose h = -0*h - 9. Let j be 1*h/3 - -4. Calculate the highest common divisor of 11 and j.
1
Let z(c) = 23*c**2 + 1. Let w be z(-1). Suppose 5*j = 2*m - 29, -23 = 4*j + 2*m + 11. Let y be 2/j - (-342)/21. Calculate the highest common factor of w and y.
8
Let i = 4 - 6. Let t be 2/((6/(-69))/i). Suppose 22 + t = 4*o. What is the greatest common factor of o and 85?
17
Let p be (66/(-18))/11 - (-164)/6. Calculate the highest common factor of p and 243.
27
Suppose -2*x + x + w + 8 = 0, -x + 2*w + 13 = 0. Let c(z) = -z**3 + 3*z**2 + 3. Let l be c(x). What is the highest common factor of 33 and l?
3
Let v = -4 - -6. Suppose v*j = 16 + 10. Calculate the greatest common factor of 13 and j.
13
Suppose -4 - 11 = -3*c. Suppose c*o - 400 = 410. Suppose -5*a - 4*f = -98, -2*f = -4*a + 58 + 10. Calculate the greatest common factor of a and o.
18
Let b be 4/(-14) + (-760)/(-14). Let x be 4*(14/8 + -4). Let z(c) = -3*c - 9. Let n be z(x). What is the highest common factor of b and n?
18
Let b(u) = 3*u**3 - u**2 + 2*u. Let x be b(2). Let g = 41 - x. What is the greatest common divisor of 85 and g?
17
Suppose -5*q - 4*a - 26 = 0, 2*q + 5*a + 8 + 16 = 0. Let j be (q/(-4))/(4/16). What is the greatest common divisor of 2 and j?
2
Let q be 16/(-20) + (-258)/(-10). Calculate the highest common divisor of q and 100.
25
Let t(r) = r**2 + 10*r. Let u be t(-15). What is the greatest common factor of u and 25?
25
Let b be 4/(-6)*18/(-4). Suppose -p = -b*p + 4. Let t(c) = 4*c**2 - 5*c - 10. Let h be t(-2). What is the highest common divisor of h and p?
2
Let r be 4/(-6) + 44/3. Let a = 31 - 29. Suppose a*o + 5*x = x, 4*o - 10 = 2*x. Calculate the highest common divisor of r and o.
2
Suppose -3*x - 2 = -14. Let a be ((-3)/(-2))/(3/x). Calculate the highest common factor of 5 and a.
1
Let o = 5 - 3. Let c be o/10 - 18/(-10). Let l = c + 4. What is the highest common divisor of 4 and l?
2
Let l be (-6)/4 + (-1432)/(-16). Let r be 126/5 - (-4)/(-20). Suppose -r = -4*y + 19. Calculate the greatest common divisor of l and y.
11
Suppose -6*c = -9*c - 333. Let t be (-1)/2 - c/6. Wh